{"id":22,"date":"2021-09-01T16:53:32","date_gmt":"2021-09-01T19:53:32","guid":{"rendered":"http:\/\/minhastarefas.siteoficial.ws\/?page_id=22"},"modified":"2022-01-22T14:57:23","modified_gmt":"2022-01-22T17:57:23","slug":"3a-fase-do-metodo-praticar","status":"publish","type":"page","link":"https:\/\/asminhastarefas.com.br\/?page_id=22","title":{"rendered":"Fase 3: Praticar"},"content":{"rendered":"\n<p>Voc\u00ea come\u00e7ou. Suas tarefas foram classificadas. Pr\u00f3ximo passo? Fazer aquilo que se programou para fazer. Voc\u00ea vai realizando as tarefas e vida que segue. Entretanto, n\u00e3o pense que est\u00e1 tudo resolvido. A vida &#8211; felizmente &#8211; n\u00e3o \u00e9 t\u00e3o certinha assim. Conforme o tempo passa, as prioridades das tarefas v\u00e3o mudar, voc\u00ea vai perceber que se equivocou na avalia\u00e7\u00e3o da import\u00e2ncia de algumas tarefas, outras tarefas v\u00e3o surgir de repente&#8230; entenderam? Voc\u00ea dever\u00e1 reavaliar periodicamente sua classifica\u00e7\u00e3o de tarefas. <\/p>\n\n\n\n<p>A palavra &#8220;periodicamente&#8221; resume um ponto importante do m\u00e9todo. H\u00e1 diferentes momentos de reavalia\u00e7\u00e3o:<\/p>\n\n\n\n<p><strong>Diariamente<\/strong><\/p>\n\n\n\n<p>Programe seu dia! Na v\u00e9spera, \u00e0 noite, ou de manh\u00e3 logo cedo, veja se o que voc\u00ea tem previsto para o dia ainda \u00e9 mesmo o que deve ser feito. Tamb\u00e9m deve ser avaliado se o que voc\u00ea pretende fazer cabe no seu dia. A pior coisa para quem quer se organizar \u00e9 ver seu dia recheado de pend\u00eancias que voc\u00ea sabe de in\u00edcio que n\u00e3o conseguir\u00e1 cumprir. Decidido que o dia est\u00e1 bem programado, encerre o planejamento e parta para a\u00e7\u00e3o. Um problema do m\u00e9todo \u00e9 seu lado l\u00fadico. Voc\u00ea pode cair na armadilha de ficar brincando de mexer nas tarefas e no seu planejamento. Vale lembrar: o m\u00e9todo n\u00e3o \u00e9 um fim, \u00e9 o meio para voc\u00ea realizar seus objetivos.<\/p>\n\n\n\n<p><strong>Semanalmente<\/strong><\/p>\n\n\n\n<p>Transcorrida a semana, voc\u00ea ajustou suas tarefas para irem acontecendo. Em princ\u00edpio, s\u00e3o as tarefas que voc\u00ea classificou como &#8220;vou fazer&#8221;. A semana terminou. \u00c9 hora de dar uma olhada se suas prioridades est\u00e3o bem definidas. Voc\u00ea notar\u00e1, por exemplo, que uma tarefa do tipo &#8220;vou fazer&#8221;, n\u00e3o foi feita. Foi sistematicamente adiada de um dia para outro. Talvez seja a hora de rever o que voc\u00ea classificou como &#8220;vou fazer&#8221; e &#8220;quando tiver tempo&#8221;. H\u00e1 grande chance de tarefas merecerem ser trocadas de grupos. Esse \u00e9 o objetivo da revis\u00e3o semanal, identificar se as prioridades para o curto prazo foram bem estabelecidas. Tamb\u00e9m \u00e9 o momento para identificar novas tarefas que merecem registro na sua rotina de gest\u00e3o.<\/p>\n\n\n\n<p><strong>Anualmente<\/strong><\/p>\n\n\n\n<p>Pelo menos uma vez no ano as tarefas do tipo &#8220;talvez um dia&#8221; devem ser revistas. \u00c9 a hora de verificar se aquele projeto &#8220;participar de excurs\u00e3o ao \u00c1rtico&#8221; vai vingar. Algumas tarefas v\u00e3o manter seu status de &#8220;talvez&#8221; e devem ser passadas para o ano seguinte. Bom \u00e9 quando identificamos alguma tarefa &#8220;talvez&#8221; que amadureceu e vai entrar nos seus planos de realizar. Estas devem subir de n\u00edvel, indo para a classifica\u00e7\u00e3o &#8220;vou fazer&#8221; ou &#8220;se der tempo&#8221;. O prazo de um ano \u00e9 negoci\u00e1vel. Se voc\u00ea tem um cen\u00e1rio de atividades muito din\u00e2mico, a reavalia\u00e7\u00e3o semestral pode ser mais adequada.<\/p>\n\n\n\n<p>Bem, chega de leitura. Que tal voltar a cuidar de suas pend\u00eancias?<\/p>\n","protected":false},"excerpt":{"rendered":"<p>Voc\u00ea come\u00e7ou. Suas tarefas foram classificadas. Pr\u00f3ximo passo? Fazer aquilo que se programou para fazer. Voc\u00ea vai realizando as tarefas e vida que segue. Entretanto, n\u00e3o pense que est\u00e1 tudo resolvido. A vida &#8211; felizmente &#8211; n\u00e3o \u00e9 t\u00e3o certinha assim. Conforme o tempo passa, as prioridades das tarefas v\u00e3o mudar, voc\u00ea vai perceber que &hellip; <a href=\"https:\/\/asminhastarefas.com.br\/?page_id=22\" class=\"more-link\">Continue lendo<span class=\"screen-reader-text\"> &#8220;Fase 3: Praticar&#8221;<\/span><\/a><\/p>\n","protected":false},"author":1,"featured_media":0,"parent":0,"menu_order":0,"comment_status":"closed","ping_status":"closed","template":"","meta":{"footnotes":""},"class_list":["post-22","page","type-page","status-publish","hentry"],"_links":{"self":[{"href":"https:\/\/asminhastarefas.com.br\/index.php?rest_route=\/wp\/v2\/pages\/22","targetHints":{"allow":["GET"]}}],"collection":[{"href":"https:\/\/asminhastarefas.com.br\/index.php?rest_route=\/wp\/v2\/pages"}],"about":[{"href":"https:\/\/asminhastarefas.com.br\/index.php?rest_route=\/wp\/v2\/types\/page"}],"author":[{"embeddable":true,"href":"https:\/\/asminhastarefas.com.br\/index.php?rest_route=\/wp\/v2\/users\/1"}],"replies":[{"embeddable":true,"href":"https:\/\/asminhastarefas.com.br\/index.php?rest_route=%2Fwp%2Fv2%2Fcomments&post=22"}],"version-history":[{"count":5,"href":"https:\/\/asminhastarefas.com.br\/index.php?rest_route=\/wp\/v2\/pages\/22\/revisions"}],"predecessor-version":[{"id":158,"href":"https:\/\/asminhastarefas.com.br\/index.php?rest_route=\/wp\/v2\/pages\/22\/revisions\/158"}],"wp:attachment":[{"href":"https:\/\/asminhastarefas.com.br\/index.php?rest_route=%2Fwp%2Fv2%2Fmedia&parent=22"}],"curies":[{"name":"wp","href":"https:\/\/api.w.org\/{rel}","templated":true}]}}