{"id":14,"date":"2022-02-08T12:14:17","date_gmt":"2022-02-08T15:14:17","guid":{"rendered":"http:\/\/minhastarefas.siteoficial.ws\/?page_id=14"},"modified":"2022-05-04T15:56:49","modified_gmt":"2022-05-04T18:56:49","slug":"o-app-minhas-tarefas","status":"publish","type":"page","link":"https:\/\/asminhastarefas.com.br\/","title":{"rendered":"App Minhas Tarefas"},"content":{"rendered":"\n<p><strong>Minhas Tarefas<\/strong> \u00e9 um aplicativo simples para controle de suas atividades. Voc\u00ea alimenta suas pend\u00eancias e define o prazo para serem realizadas. O app ajuda voc\u00ea a manter suas tarefas em dia. <strong>Minhas Tarefas<\/strong> apresenta <a href=\"http:\/\/asminhastarefas.com.br\/?page_id=16\" data-type=\"page\" data-id=\"16\">o m\u00e9todo de gest\u00e3o de tarefas<\/a> a ser usado com o app. \u00c9 simples e seguro. Todas as informa\u00e7\u00f5es s\u00e3o mantidas no seu celular, nada vai para a nuvem. As tarefas conclu\u00eddas s\u00e3o mantidas numa lista em separado. A interface do app disp\u00f5e de dois temas: claro e escuro. O app apresenta publicidade nas telas de configura\u00e7\u00e3o e apresenta\u00e7\u00e3o do m\u00e9todo. N\u00e3o h\u00e1 publicidade nas telas de controle das tarefas. <\/p>\n\n\n\n<p><strong>Minhas Tarefas<\/strong> destina-se a ajud\u00e1-lo a controlar suas atividades no dia a dia. Entretanto, n\u00e3o nos responsabilizamos por decis\u00f5es decorrentes do uso do app. No in\u00edcio do uso do app \u00e9 solicitada a aceita\u00e7\u00e3o das condi\u00e7\u00f5es de uso do app.&nbsp; Veja como tratamos seus dados em nossa <a href=\"http:\/\/asminhastarefas.com.br\/?page_id=3\" data-type=\"page\">Pol\u00edtica de  Privacidade<\/a>.<\/p>\n\n\n\n<p>Obrigado por usar <strong>Minhas Tarefas<\/strong>. O app s\u00f3 est\u00e1 dispon\u00edvel para Android. Baixe o <a href=\"https:\/\/play.google.com\/store\/apps\/details?id=io.kodular.eugenio_pedrosa.Tarefa_Facil\">aplicativo <\/a>na Google Play.<\/p>\n\n\n\n<p><\/p>\n","protected":false},"excerpt":{"rendered":"<p>Minhas Tarefas \u00e9 um aplicativo simples para controle de suas atividades. Voc\u00ea alimenta suas pend\u00eancias e define o prazo para serem realizadas. O app ajuda voc\u00ea a manter suas tarefas em dia. Minhas Tarefas apresenta o m\u00e9todo de gest\u00e3o de tarefas a ser usado com o app. \u00c9 simples e seguro. Todas as informa\u00e7\u00f5es s\u00e3o &hellip; <a href=\"https:\/\/asminhastarefas.com.br\/\" class=\"more-link\">Continue lendo<span class=\"screen-reader-text\"> &#8220;App Minhas Tarefas&#8221;<\/span><\/a><\/p>\n","protected":false},"author":1,"featured_media":0,"parent":0,"menu_order":0,"comment_status":"closed","ping_status":"closed","template":"","meta":{"footnotes":""},"class_list":["post-14","page","type-page","status-publish","hentry"],"_links":{"self":[{"href":"https:\/\/asminhastarefas.com.br\/index.php?rest_route=\/wp\/v2\/pages\/14","targetHints":{"allow":["GET"]}}],"collection":[{"href":"https:\/\/asminhastarefas.com.br\/index.php?rest_route=\/wp\/v2\/pages"}],"about":[{"href":"https:\/\/asminhastarefas.com.br\/index.php?rest_route=\/wp\/v2\/types\/page"}],"author":[{"embeddable":true,"href":"https:\/\/asminhastarefas.com.br\/index.php?rest_route=\/wp\/v2\/users\/1"}],"replies":[{"embeddable":true,"href":"https:\/\/asminhastarefas.com.br\/index.php?rest_route=%2Fwp%2Fv2%2Fcomments&post=14"}],"version-history":[{"count":12,"href":"https:\/\/asminhastarefas.com.br\/index.php?rest_route=\/wp\/v2\/pages\/14\/revisions"}],"predecessor-version":[{"id":176,"href":"https:\/\/asminhastarefas.com.br\/index.php?rest_route=\/wp\/v2\/pages\/14\/revisions\/176"}],"wp:attachment":[{"href":"https:\/\/asminhastarefas.com.br\/index.php?rest_route=%2Fwp%2Fv2%2Fmedia&parent=14"}],"curies":[{"name":"wp","href":"https:\/\/api.w.org\/{rel}","templated":true}]}}